+ -1. Calculate the highest common factor of m and z.
9
Suppose 5*g - 169 + 26 = -4*t, 2*g = 3*t - 113. Let y be (-624)/117*333/(-6). Calculate the highest common divisor of y and t.
37
Let k = -651 + 897. Suppose 5*o - 3*g + 7*g - 14 = 0, 0 = 5*g + 20. What is the highest common divisor of o and k?
6
Let v = 55 - -32. Suppose -7*h + 226 = -5*h + 3*w, -5*w - 10 = 0. Calculate the highest common factor of h and v.
29
Suppose -17*m + 22*m + 2*s = 590, -2*m + 225 = 3*s. What is the greatest common divisor of 120 and m?
120
Let b = 9 + 0. Suppose 256*y - 24 = 248*y. Calculate the highest common divisor of b and y.
3
Let n = -121 + 264. Suppose -2*k - n = -713. Calculate the highest common factor of k and 114.
57
Suppose 3*z = 2*i + 414 - 123, 4*z - 390 = 2*i. Let t = 920 - 840. Suppose t*l - 85*l = -55. What is the highest common divisor of l and z?
11
Let x(w) = -1449*w + 606. Let m be x(-6). What is the highest common divisor of m and 496?
124
Let w(q) = -q**2 + 25*q - 51. Let z be w(12). Let i = -157 + 178. What is the greatest common factor of z and i?
21
Let d = 83 - 32. Suppose v - 6*m - 441 = 0, 4*m - 720 = -2*v + 210. Calculate the highest common divisor of d and v.
51
Suppose 20*x - 145 - 3587 - 368 = 0. Calculate the greatest common factor of 3895 and x.
205
Let m(p) be the third derivative of p**5/20 + 15*p**4/8 - p**3 + 55*p**2. Let o be m(-17). Calculate the highest common factor of o and 144.
48
Let a be -12*2/15*40. Let h be (a/240*9)/(2/(-5)). Let d = 28 + -16. What is the highest common divisor of d and h?
6
Suppose -25*v = -21*v. Suppose 21*g - 24*g + 264 = v. Let r be (-400)/(-18) + 6/(-27). What is the highest common factor of g and r?
22
Let j be 2/(21/91*(-1)/(-156)). Calculate the greatest common divisor of j and 8.
8
Suppose 0 = 5*b + c - 316, -2*c + 129 = 3*b - 55. Suppose -7*g + 3*g = -b. What is the highest common divisor of 368 and g?
16
Suppose 3*a = o + 11508, a - 3836 = -411*o + 412*o. What is the highest common factor of a and 84?
28
Let s(h) = h**3 - 31*h**2 + 161*h - 17. Let a be s(29). Calculate the greatest common factor of a and 45.
45
Let h be 10/(-35) + (764/7)/4. Let q be h*(3 - 2) - 2. Suppose -c = w - 279, 3*w + 0*w - 829 = -c. Calculate the highest common divisor of q and w.
25
Suppose -204*w + 586 = -11*w - 7520. Calculate the greatest common factor of w and 1232.
14
Let h be 245 + -26 + (-3 - -18). Suppose 4*f = -36 + 140. What is the greatest common divisor of h and f?
26
Let w = -8536 - -12208. What is the greatest common divisor of 272 and w?
136
Suppose 6 - 1275 + 20904 = 55*w. What is the greatest common factor of 527 and w?
17
Suppose -39*y + 92880 = 105*y. What is the highest common factor of 45 and y?
15
Let u(o) = -175*o**2 + o - 1. Let t be u(1). Let m be (-1900)/t + (-1)/(-7). Calculate the greatest common divisor of 22 and m.
11
Let v = -16349 + 16375. Calculate the highest common divisor of 91 and v.
13
Let u be 1218 + ((-155)/62)/(10/24). Calculate the greatest common factor of 12 and u.
12
Let v be (8 - 162)/(-4 + 2). Calculate the greatest common divisor of v and 119.
7
Let m be ((-1969)/(-358) - 91/2)*-310. Calculate the greatest common divisor of m and 24.
8
Let u(n) = 156*n**2 + 5*n + 4. Let f be u(-1). Calculate the highest common divisor of 1736 and f.
31
Suppose -3*k + 10 = -2*k. Let d(p) = 3*p - 6. Let z(l) = -l - 1. Let w(i) = d(i) + 2*z(i). Let h be w(23). What is the greatest common divisor of k and h?
5
Let n = -20179 + 20236. What is the greatest common divisor of n and 327?
3
Let b = 151 + -146. Suppose -34 = -6*t + b*t. What is the greatest common divisor of t and 374?
34
Suppose 2*i - d = 10, -15 = -3*i - 10*d + 12*d. Suppose r = -3*u - 9 + 43, i*r - 26 = -3*u. What is the highest common factor of u and 528?
12
Let h = -30 + 47. Let z(y) = -18*y**2 + 5 + 20*y + y**3 + 3 - 1 - 4. Let j be z(h). What is the highest common factor of j and 6?
6
Let o be 58688/92 - (-40)/460. What is the greatest common factor of o and 484?
22
Let z(h) = -h**3 + 10*h**2 - h + 5. Let p = -7 + -25. Let g be 1/((-6)/p*10/15). Let w be z(g). What is the highest common factor of w and 25?
25
Suppose 395 = -17*j - 13. Let g be 604 + (-40)/j*3. Calculate the highest common factor of 174 and g.
87
Let d(y) = -13*y - 1. Let b be d(-1). Let a be (-10)/(-16) + (54/378 - (-26)/112). What is the highest common factor of a and b?
1
Suppose 0 = -185*x + 443631 + 699669. Calculate the highest common divisor of x and 180.
60
Let v be ((-2212)/12)/((-56)/168). Calculate the highest common factor of 237 and v.
79
Suppose -4*r = 5*t - 31, 9*r - 6*r - 15 = -t. Suppose 9*b = 4*d + 4*b - 133, 0 = r*d + 2*b - 126. Calculate the highest common divisor of 56 and d.
8
Let m be (3/4)/(1/16). Let q(s) = s**3 + 9*s**2 - 4. Let b be -2*21/(-14)*8/(-3). Let n be q(b). What is the highest common factor of m and n?
12
Let a = -98 - -112. Let o(n) = 5*n - 59. Let s be o(a). Calculate the greatest common factor of s and 121.
11
Let i(k) = 41*k**2 - 66*k - 194. Let p be i(-3). Let c = 455 - p. What is the greatest common factor of c and 2?
2
Let v = -316 - -328. Calculate the highest common divisor of 2550 and v.
6
Suppose 67*d - 63*d - 38 = -n, 5*n = -2*d + 28. Let l = -23 - -50. What is the greatest common divisor of d and l?
9
Suppose -3*r + 1340 = -3*x + 62, 4*x + 2129 = 5*r. Calculate the greatest common divisor of 17 and r.
17
Suppose 323 = g + 2*x - 242, -4*g = 3*x - 2250. Suppose -4*s = q - 209, 3*s + s + 5*q - 229 = 0. Calculate the greatest common divisor of g and s.
51
Suppose 5*v - 3*h = 3232, 5*h = -v - 69 + 693. Calculate the highest common factor of 1656 and v.
92
Let x(s) = s**2 + 9*s + 18. Let k = 6 - 12. Let q be x(k). Let c be (1 - q)/(1/(-9)*-3). Calculate the greatest common divisor of 6 and c.
3
Let c be ((-45)/(-6))/(-5)*(-2)/3. Let h(k) = -k**3 + 6*k**2. Let n be h(5). Let m = -16 + n. What is the highest common divisor of c and m?
1
Let j(h) = 930*h**2 + 21*h - 23. Let o be j(1). What is the highest common divisor of o and 24?
8
Let d = -46 - -21. Let a(y) = y**3 + 25*y**2 + 4*y + 3. Let z be a(d). Let w = -52 - z. What is the greatest common factor of 30 and w?
15
Let k(j) = -3*j + 35. Let g be k(-7). Suppose m + 0*m = -5*t + 91, 3 = 3*t. Suppose -85*s = -m*s + 70. Calculate the highest common factor of s and g.
14
Suppose -h + 946 = 8*a - 9*a, 1886 = 2*h - 4*a. Calculate the highest common factor of 221 and h.
13
Let f be -11*((-5916)/66 - 8). Calculate the highest common divisor of 1969 and f.
179
Suppose -3*i = 3*h + i - 6, 33 = 5*h - i. Let t = 992 + -566. Let u = t - 408. Calculate the greatest common divisor of u and h.
6
Suppose 114*z + 2*k = 107*z + 572, 2*z - 4*k - 200 = 0. Let f(r) = 2*r - 1. Let a be f(3). Suppose -3*i = a - 77. What is the greatest common factor of z and i?
12
Let d(h) = -1202*h + 10920. Let x be d(9). Calculate the highest common factor of 11577 and x.
51
Suppose -288*v + 2331 = -177*v. Let r = 379 - 148. What is the greatest common factor of r and v?
21
Suppose 15*a + 3 = -147. Let c be 46*(0 - 5)/a. Calculate the greatest common divisor of c and 92.
23
Let f(q) = 341*q**2 + 36*q - 76. Let s be f(2). Calculate the greatest common divisor of s and 1000.
40
Suppose -54*m + 802536 = 2*m. What is the greatest common factor of 51 and m?
51
Let k(f) = 4*f**3 - 61*f**2 - 10*f - 209. Let d be k(19). Calculate the highest common factor of 176 and d.
88
Let f(b) = -5*b - 67. Let z be f(-17). Suppose 4*s + 14*j - 1916 = z*j, -j + 475 = s. Calculate the highest common factor of 53 and s.
53
Suppose 16*u = -3*u + 798. Let j(s) = -s**3 - 20*s**2 + 23*s + 4. Let k be j(-21). Let g = -24 - k. What is the highest common factor of g and u?
14
Let h(r) = -3*r + 105. Let s be h(28). Let j(k) = 8*k - 129. Let g be j(s). What is the greatest common divisor of g and 91?
13
Suppose 50*r = 1573 + 17277. What is the greatest common divisor of r and 39?
13
Let x be (1/(-13) - (-3021)/741) + 101. Calculate the highest common factor of x and 240.
15
Let r be (-6)/2 - (46/(-2) + 3). Suppose w + r = 2*q, w + 2 = 4*q - 29. Suppose 0 = -q*o + 1230 + 58. Calculate the greatest common divisor of o and 23.
23
Let l = -87 + 129. Let a(h) = -479*h**3 - 22*h**2 - 3*h + 2. Let f be a(-1). Calculate the highes